t n be x(-8). Calculate the highest common factor of n and 6.
6
Let p(a) = -a**3 + 31*a**2 + 2*a + 468. Let f be p(31). What is the highest common divisor of 65 and f?
5
Let q(x) = -x**3 - 67*x**2 - 128*x - 3292. Let w be q(-66). What is the highest common divisor of 1560 and w?
40
Let p(k) = 1534*k + 7976. Let r be p(-5). Calculate the greatest common divisor of 31518 and r.
306
Suppose 24*r = 14*r + 1890. Let l = r + -175. Calculate the highest common factor of l and 189.
7
Suppose 3*g + 3*i + 3714 = 0, g + 4*i + 861 = -362. Let r = -540 - g. Calculate the highest common divisor of 38 and r.
19
Let c = 176 + -183. Let d be (9 + c)*(-9)/(-2). Calculate the highest common divisor of d and 81.
9
Let q(m) = -3*m**3 + 6*m**2 - 9*m - 60. Let l be q(-4). Calculate the greatest common divisor of 275 and l.
11
Suppose -622*v + 2772 = -586*v. Calculate the highest common divisor of v and 3311.
77
Suppose -5*a + 3*a + 3*a = 0. Suppose -d + 2 = a, 0*b + d = 3*b + 23. Let q be 6156/133*1*b/(-1). Calculate the greatest common factor of 36 and q.
36
Let a = 46 + -43. Suppose -57 = -a*j - 69. Let w be 708/48 + (-1)/j. What is the greatest common factor of 60 and w?
15
Suppose 65*z - 14224 = 11253 - 6042. Calculate the highest common divisor of z and 923.
13
Let t(s) = s**2 - 174*s - 1043. Let r be t(-6). What is the highest common factor of 5513 and r?
37
Let j = 29133 + -29117. Calculate the greatest common divisor of 460 and j.
4
Suppose -i = 2*r - 320, 295*r - 291*r = 3*i - 980. Calculate the greatest common factor of i and 372.
12
Let q be -7 + 19 + -7 - -9. Let y be (q + -16)*2/((-8)/78). Calculate the highest common factor of 273 and y.
39
Let q(l) = -l**2 - 8*l + 92. Let d be q(6). Let t be (79 - -2) + -3 - d. What is the greatest common divisor of t and 50?
10
Suppose 3564 = -13*r + 28*r + 21*r. What is the highest common divisor of 666 and r?
9
Suppose -1809 + 10463 = 4*o - 3*s, 5*s = -30. Calculate the highest common factor of o and 1016.
127
Let w be (108/(-14))/(215/(-3010)). What is the greatest common divisor of w and 1242?
54
Let i = -239 + 243. What is the highest common divisor of 2364 and i?
4
Let m = 58 + -25. Let f = -25 + 32. Suppose -4*r + 2 = 2*v, -3*v - f = -4*v + 4*r. Calculate the greatest common divisor of v and m.
3
Let t be (-5)/(-3*(-30)/(-36)) + 14. Calculate the highest common divisor of t and 88.
8
Let i be (-3 - -2) + 9/(-1). Let z(q) = -q**2 - 873 + 451 + 442 - 10*q. Let k be z(i). Calculate the highest common factor of k and 50.
10
Let o = 12 - 19. Let v be 25/(-5)*(o - -2). Suppose 0 = 5*j - v. Calculate the greatest common factor of 25 and j.
5
Let n be ((-46920)/(-644))/(9/42). What is the highest common divisor of n and 765?
85
Let z be ((-240)/35 - -4)/(2/(-14)). Let x be (-7)/((-7)/20)*(-3 - -62). Calculate the greatest common divisor of z and x.
20
Suppose -40 = -g + 5*k, 2*g + 3*k - 2*k = 91. Let b(a) = 14*a - 16. Let w be b(14). What is the greatest common factor of w and g?
45
Suppose -4 = -17*p + 183. Suppose -3*k + 84 = p*k. Calculate the greatest common divisor of 66 and k.
6
Let t(y) = -22*y. Let b(q) = -1. Let w(m) = -5*b(m) - t(m). Let v = -4302 - -4303. Let d be w(v). Calculate the highest common divisor of d and 27.
27
Suppose -3*q + 2*b = -189, -7 = -q - 13451*b + 13447*b. Suppose 0 = 4*j + 20, 0 = -3*h - 3*j + j + 518. What is the greatest common factor of q and h?
11
Let h(b) = 2*b**2 - 175*b + 627. Let k be h(84). What is the greatest common divisor of 18 and k?
3
Let x = 1284 - 1266. Calculate the greatest common factor of 1458 and x.
18
Suppose 0 = -c - 2*k + 697 + 468, 3549 = 3*c - 3*k. What is the greatest common divisor of c and 856?
107
Let v(y) = -y**2 + 15*y - 47. Let q be v(9). Suppose -q*j + 2*j = 2*r - 145, 3*r - 2*j - 170 = 0. Calculate the greatest common divisor of r and 24.
12
Let b(x) be the first derivative of -3*x**2/2 - 5*x - 16. Let f be b(-5). Suppose 16*j - 2112 = f*j. What is the highest common divisor of j and 32?
32
Let n(s) = -14*s**2 + 31*s + 262. Let z(y) = 9*y**2 - 20*y - 175. Let g(m) = -5*n(m) - 8*z(m). Let o be g(0). What is the greatest common divisor of o and 18?
18
Suppose 5*w = 30, 5*w + 456 = 5*d - 174. What is the greatest common factor of 13332 and d?
132
Let g(z) = 14*z**2 + z - 1. Let q be g(-1). Suppose -896 = -20*k + q*k. Let v be 120*(-2)/(-8)*84/9. What is the highest common divisor of k and v?
56
Let t = 844 + -520. Suppose 22*x + 88 = 25*x + 4*j, 0 = 3*x - j - 113. What is the greatest common divisor of x and t?
36
Let w be (-416)/(-30) + 4/30. Let t be 2894/w + 4/14. Suppose -4*y - 63 = -t. Calculate the greatest common divisor of 90 and y.
18
Let g = -12349 + 12400. Calculate the highest common factor of 2057 and g.
17
Suppose -39816 = -5*k + b + 35670, 0 = 2*k + 5*b - 30162. What is the highest common factor of k and 333?
111
Suppose 3*p + 2*x = 8, -5*p + 9*p + 16 = 4*x. Suppose 57 = 3*m - 6*l, 5*l = -p*l - 5. Calculate the greatest common divisor of 1 and m.
1
Suppose 12*x + 48 = 180. Suppose -s - 4*h + 321 = 0, 4*s - h - 1454 + 85 = 0. Calculate the greatest common divisor of s and x.
11
Let y = -12483 + 13827. Calculate the greatest common factor of 756 and y.
84
Let n be ((-726)/77)/(7 + 101/(-14)). Calculate the highest common factor of n and 29084.
44
Suppose 2*b + 481 = 4*b - 3*z, 0 = 5*z - 5. Suppose 2*a + 2*r = b, 5*a - 8*a + 2*r + 378 = 0. What is the highest common factor of 682 and a?
62
Suppose 0 = -94*n + 112*n - 1152. Let f be n/16 + -28*2/(-2). What is the greatest common factor of 432 and f?
16
Let u(p) = -8*p - 8. Suppose 0 = -13*o + 4*o - 27. Let z be u(o). Calculate the greatest common factor of z and 80.
16
Suppose 0 = 13*z - 8*z - 335. Suppose 10*k - 15*k + 34 = 2*n, 3*n - 18 = -2*k. Suppose k*o = -25 + z. What is the highest common divisor of o and 21?
7
Let p = 346 - 345. Suppose 2*c = -5*z + 23, -3*z + 31 - p = 3*c. Suppose -5*n - r = -39 + 6, -3 = -r. What is the greatest common divisor of n and c?
3
Let k = -554 + 544. Let x be ((-2133)/(-162) + k/4)*24. What is the greatest common divisor of 160 and x?
32
Let b(i) = 37*i + 113. Let q be b(15). Let c = -395 + q. Calculate the highest common divisor of 364 and c.
91
Let a = 1581 - 2395. Let o = a + 1413. Suppose -7*z + 171 = -o. What is the highest common divisor of 10 and z?
10
Suppose 0 = -16*a + 9*a. Suppose -4*g - 2*h + 72 = a, h - 2*h + 76 = 4*g. Calculate the highest common divisor of g and 4.
4
Suppose -2*b + 5*d = -3, 3 = -3*b + d + 14. Suppose -2*c = b*c - 216. Calculate the greatest common factor of c and 612.
36
Let i = 18 + 16. Suppose 0 = 4*g - 8*g + 5*c + 957, 3*g - 712 = -2*c. What is the greatest common factor of g and i?
34
Let r = 141 - 24. Let t be 9 - (2*(-2 - -3) - 2). What is the greatest common factor of t and r?
9
Let w(y) = -11*y - 192. Let p(j) = 21*j + 383. Let k(a) = -4*p(a) - 9*w(a). Let h be k(-12). Calculate the greatest common divisor of 48 and h.
16
Let s = 223 + -210. Let i(v) = -v**2 + 25*v - 96. Let x be i(s). Calculate the greatest common factor of x and 660.
60
Let o(t) = -t**3 + 10*t**2 - 23*t + 16. Let y be o(7). Suppose -y*b + 10*b = 3848. Calculate the highest common divisor of b and 37.
37
Let n(z) = z**3 + 2*z**2 - 2*z + 2. Let x(m) = m + 3. Let d be x(4). Let c be -4 + (d/1 - -1). Let l be n(c). Calculate the highest common factor of l and 18.
18
Let k(l) = -6*l - 54. Let y = -193 - -171. Let i be k(y). What is the highest common divisor of i and 18?
6
Let w(s) = -4*s**3 + 32*s**2 - 45*s + 140. Let n be w(7). What is the greatest common factor of n and 15225?
21
Let k(x) = -10*x + x**2 + 17*x + 4*x - 1. Let p be k(-9). Let s = 3 - p. What is the highest common divisor of s and 154?
22
Let m be ((-39)/9)/(5/(-75)). Suppose -m = -3*w + 37. Let t be (-21)/1*(-2 + 56/(-6)). Calculate the greatest common divisor of w and t.
34
Let s(v) = -2*v**3 + 22*v**2 - 12*v - 76. Let i be s(10). Calculate the greatest common divisor of i and 960.
4
Let k be 3 - 8*-6*7/(-168) - -2546. What is the greatest common divisor of 171 and k?
9
Suppose -3*g - 3*a + 135 = -0*a, 0 = -2*g + 4*a + 66. Suppose 4*j = -13 + g. Suppose j*z - 99 = -4*z. What is the greatest common divisor of 1 and z?
1
Suppose -1806 = -19*b - 1291 + 3247. Calculate the greatest 